Let q(u) = 1202*u + 4. Let h be q(2). Suppose 7*r - h = -r. Suppose 14*m + r = 1477. What are the prime factors of m?
2, 3, 7
Let y(c) = 37*c**2 + 48*c - 901. What are the prime factors of y(24)?
21563
Let i(x) = -7*x - 199. Let z be i(-31). Let r(n) = 4*n - 25. What are the prime factors of r(z)?
47
List the prime factors of (((-19204)/(-16))/1 - 2)/((-3)/(-84)).
7, 4793
Let c be ((-1)/3)/((-4)/(-36)). Let v be -2 + (-288 - c)/(-5). Suppose -v = 12*p - 343. What are the prime factors of p?
2, 3
Let v = -373 + 375. Suppose 266 = v*y - 1234. List the prime factors of y.
2, 3, 5
Let q(s) = -2*s**3 - 5*s**2 + 3*s + 6. Let p be q(-6). Let j(a) = a**3 + 41*a**2 + 4. Let d be j(-41). Suppose d*z + z = p. What are the prime factors of z?
2, 3
Suppose 5*f + 6*x - 7*x - 41977 = 0, 41963 = 5*f + x. What are the prime factors of f?
2, 3, 1399
List the prime factors of 1340*(-26)/(-12)*(-2268)/(-315).
2, 3, 13, 67
Let j = 56717 - 27475. What are the prime factors of j?
2, 14621
Let q(w) = -w**3 + 6*w**2 - 3*w - 36. Let h be ((-10 - -1) + -1)*(-7)/(-14). List the prime factors of q(h).
2, 127
Let c be 353052/441 + (1 - (-11)/(-7)). Suppose 5*l - 5*a - 3970 = 0, -l + 0*l = 5*a - c. What are the prime factors of l?
3, 5, 53
Suppose 0 = 135*x - 136*x + 9. Suppose x*j = 11*j, 2*z - 5*j = 1824. What are the prime factors of z?
2, 3, 19
Suppose 0 = 3*a, -6*h = -2*h + 4*a - 2248. Let b = 1019 - h. What are the prime factors of b?
457
Let m(x) = -x**3 + 51*x**2 + 29*x - 243. What are the prime factors of m(29)?
2, 5, 191
Let q(i) = i**2 - 18*i + 26. Let d(b) = -b**3 + 11*b**2 - 9*b - 21. Let l be d(10). What are the prime factors of q(l)?
3, 5, 23
Let d(o) be the second derivative of 7*o**2 + 2*o**3 - 5*o**2 - 13*o**3 + o**2 - 8*o. List the prime factors of d(-3).
2, 3, 17
Let q be ((-4)/(-28) - 1)/(12/(-42)). What are the prime factors of (-9459)/(-6)*2/q?
1051
Suppose 8 + 48 = 8*b. Suppose -b*v - 5 = -8*v. What are the prime factors of (-1561)/(-35) + (-3)/v?
2, 11
Let d(l) = -7*l**3 - 7*l - 14. Suppose -5*c = 3*c - 16. Let r(j) = j**3 - 2*j**2 - j - 1. Let b be r(c). What are the prime factors of d(b)?
2, 7
Suppose -972*c + 968*c + 8 = 0. Suppose 4*k + 2109 = c*p + 5301, 3*k + 2*p = 2394. List the prime factors of k.
2, 3, 7, 19
Let f(c) = 16*c**2 + 13*c - 8. Let q be f(1). Let g(h) = 2*h**2 - h - 4. Let b be g(3). Let o = b + q. List the prime factors of o.
2
Suppose -12*t + 16*t + 36 = 0. List the prime factors of 5*(-7)/(21/t).
3, 5
Let m be 10/30*(0 + 0). Suppose 3*j + m = -4*i + 5, 3*i = -j. What are the prime factors of j + 5 + -4 - -108?
2, 7
Suppose 54*s = 45*s. Suppose 72*f - 65*f - 3500 = s. What are the prime factors of f?
2, 5
Suppose -10*h + 30 = 5*h. Suppose 0 = -3*x, 4*x = 3*i + h*x - 1539. List the prime factors of i.
3, 19
Let h(k) = -43*k**2 - k + 48*k**2 + 3 + 6*k. Let j be h(-5). Let r = 15 + j. What are the prime factors of r?
2, 59
Suppose -w + 16204 = 5*p, p = -4*w - 704 + 3960. List the prime factors of p.
2, 3, 5
Let n(b) = 119*b**3 + b**2 + 3*b + 13. Let c be n(-2). Let p = -485 - c. List the prime factors of p.
2, 3, 19
Let k be (-3 + -3)*((-66)/4)/3. Suppose 2*q + k = 209. Suppose 0 = -4*n - 0*n + q. What are the prime factors of n?
2, 11
Suppose -416449 = -88*f + 226127. What are the prime factors of f?
2, 3, 1217
Let l(m) = 6*m - 87. Let g be l(17). What are the prime factors of g - (50/20 + (-2)/(-4))?
2, 3
Let d(t) = -t**3 + t**2 + 19 - 27 + 32 + 8*t. List the prime factors of d(-7).
2, 3, 5
Suppose 4*l - 5 - 21 = -3*q, 5*l = 2*q - 2. List the prime factors of (424/q)/((-20)/(-60)).
2, 53
Let x = -109 + 119. Let v(f) = 15*f - x - 32*f + 22*f. What are the prime factors of v(3)?
5
Let n(d) = 19*d - 1. Let l be n(18). Suppose -10*k = -819 - l. Suppose k = w - g, 0 = 3*w - 4*w - 3*g + 128. What are the prime factors of w?
7, 17
Let s(p) = 46*p + 33. Let c(g) = -46*g - 31. Let r(k) = 3*c(k) + 2*s(k). Let d be ((-2)/6)/((-1)/(-12)). List the prime factors of r(d).
157
Let k = -11186 + 17791. List the prime factors of k.
5, 1321
Let l = 9632 - -371. What are the prime factors of l?
7, 1429
Let f be ((-33)/(-2))/(1/12). What are the prime factors of f*2/(-4*3/(-18))?
2, 3, 11
Let v(s) = -s + 8. Let u be v(6). Suppose -u*w = 4*w + 24. Let r(f) = -f**2 - 2*f + 15. List the prime factors of r(w).
7
Suppose 0 = -76*x + 93*x - 34. Suppose -3*d + 4023 + 1394 = -x*v, 4*d - 7215 = -5*v. List the prime factors of d.
5, 19
Let v = -204 - -196. What are the prime factors of (-65 - v)*20/(-5)?
2, 3, 19
Let i be 25*((-143)/260 + 6/8). Suppose -4*k = i*v - 2*k - 1485, -3*k = -3*v + 891. List the prime factors of v.
3, 11
Let f(w) = -17*w**2 + w - 2. Let c be f(1). List the prime factors of 15*6/c + 1899.
2, 947
Let h be 0 + 1 + -5 + (11 - 10). Let l = 14 - h. Suppose -276 = l*q - 20*q. What are the prime factors of q?
2, 23
Let r(a) = -a**3 + 18*a**2 + 21*a - 38. Let t be r(19). Suppose t = 7*s - 2611 - 343. What are the prime factors of s?
2, 211
Suppose -11*y = -2*y - 333. Suppose -f + 1 = 0, -3*f + 94 = 3*x + y. What are the prime factors of x?
2, 3
Suppose 111173 - 39773 = 12*b. List the prime factors of b.
2, 5, 7, 17
Suppose -q - 10*q = 0. Suppose 4*n = -3*u - q*u - 12, 5*n + 5*u = -10. What are the prime factors of (-80)/24*(-1)/(n/(-99))?
5, 11
Let m be -1 - (12/15)/(1/(-5)). What are the prime factors of (-6 + 95 + -1)/(1/m)?
2, 3, 11
Suppose -18*l + 23*l + 360 = 0. Let j be 1329/(-27)*1 + (-16)/l. List the prime factors of j/(1/(-10)*2).
5, 7
Let p(z) = -z**3 + 13*z**2 + 17*z - 2. Let h be p(-7). Suppose -2*d + 504 = 4*a, 3*d + 2*a - h = -115. List the prime factors of d.
2, 3, 41
Let s be (6 + 0)/(-1 + 3). What are the prime factors of (8/s - 2)/(14/4893)?
233
Let k(p) = -p**3 + 8*p**2 + 3*p - 5. Let x be k(9). Suppose -2*n + 19 = -m, -238*m + 233*m - 60 = -5*n. What are the prime factors of x/(-4) + n/28?
3, 5
Suppose -48*j + 126 = -45*j. Suppose j*h - 38*h - 176 = 0. Suppose 0 = -h*r + 43*r + 138. What are the prime factors of r?
2, 3, 23
List the prime factors of (-9683 + -4)/((63/28)/(-3)).
2, 3229
Suppose -40*o = -31*o - 153. Suppose 13*g - o*g + 1184 = 0. List the prime factors of g.
2, 37
Let q be (4 - 11)*1*9. Let f(l) = l**3 + 19*l**2 - 54. Let p be f(-19). What are the prime factors of (p/5)/(q/420)?
2, 3
Suppose 0 = -2*c + 2*h - 10, 9*h - 14*h + 25 = -c. Suppose -19*u + c*u = -2850. List the prime factors of u.
2, 3, 5
Let n = 11258 - 5144. List the prime factors of n.
2, 3, 1019
Suppose f + 8 = 18. Suppose 15*h = f*h + 3400. What are the prime factors of h?
2, 5, 17
Suppose -87*k + 85*k = 4*i - 7824, -2*k - 2*i = -7836. What are the prime factors of k?
2, 3, 109
Let x be 8 - (3/12 + 22/8). Suppose 0 = x*b - 1235 - 870. Suppose -b = -4*p + 2*p - 3*i, 648 = 3*p - i. List the prime factors of p.
5, 43
Let k = 38 - 62. What are the prime factors of (-584)/(-6)*k/(-16)?
2, 73
Suppose -10*s = 6*s + 1248. Let k = 80 + s. Suppose 5*u - k*n - 455 = n, 4*u + 4*n - 332 = 0. What are the prime factors of u?
2, 11
Let w(v) = -7*v - 42. Let j be 7 - (-375)/(-55) - (-112)/(-11). Let p be 43/(-5) - (-4)/j. List the prime factors of w(p).
3, 7
Let m(v) = -2*v**2 + 104*v + 478. What are the prime factors of m(48)?
2, 431
Let d(s) = -50*s**2 + 28*s - 26. Let a be d(1). List the prime factors of 1017 - (a/(-120) + 34/(-10)).
2, 3, 5, 17
Let s(d) = 2*d**2 + 39*d + 235. Let j be -4 + 120/(-5 - 0) - 5. What are the prime factors of s(j)?
2, 563
What are the prime factors of (-74620)/(-246)*336/10?
2, 7, 13
Let j(q) = -q**3 + q**2 + 2*q + 31. Let a(p) be the second derivative of -p**4/12 + 3*p**3/2 - 4*p**2 - 9*p. Let c be a(8). What are the prime factors of j(c)?
31
Suppose 87*c - 112*c + 50650 = 0. List the prime factors of c.
2, 1013
Suppose 0 = -3*o - 4*h - 1186, 59*o - 55*o + 2*h = -1598. Let q = 467 - o. What are the prime factors of q?
11, 79
Suppose 1 = -2*z + 4*j - 151, 4*j = 12. List the prime factors of (864/(-60))/(3/z).
2, 3, 7
Suppose -o + 31446 = -2*n, 4*o - 2*n + 3*n - 125802 = 0. What are the prime factors of o?
2, 5, 17, 37
Let c(o) = 37 - 17 - 15*o - 26*o**2 + 79 - o**3. List the prime factors of c(-26).
3, 163
Suppose -4*n + 4*v - 6260 = 0, 3*n - 2*n - 5*v + 1545 = 0. List the prime factors of 98/21 - 5 - n/3.
523
Let g(q) = 9